265662431?
-265662442
In base 9, what is -215654838 - -4?
-215654834
In base 15, what is be + -2c789?
-2c6ba
In base 15, what is 147e84a7 + 2?
147e84a9
In base 4, what is 100010022 - 3033?
100000323
In base 16, what is -a87fd14 + 3?
-a87fd11
In base 6, what is 404 + 4002414?
4003222
In base 7, what is 43306 + 2210?
45516
In base 10, what is 2679 + -35493?
-32814
In base 12, what is 2 - 170a36?
-170a34
In base 15, what is 4 - 2002100?
-20020eb
In base 4, what is -133333 - -302303?
102310
In base 11, what is -2327 + -1830?
-4057
In base 8, what is -335176447 + -3?
-335176452
In base 10, what is 5 - -139032276?
139032281
In base 4, what is -3020 + -1021123000?
-1021132020
In base 14, what is -4 + -114819c?
-11481a2
In base 7, what is -3 - -36340655?
36340652
In base 8, what is -6077 + -2701?
-11000
In base 8, what is -1175 + 562330?
561133
In base 15, what is -59ede1 + 2a?
-59edb6
In base 8, what is 33234067 - 141?
33233726
In base 6, what is 40002025 - -40?
40002105
In base 8, what is 6422334124 - -5?
6422334131
In base 16, what is -155ef - 15a4?
-16b93
In base 10, what is -7809772 + -62?
-7809834
In base 8, what is 710257 - 4653?
703404
In base 14, what is -b6dd5b2 - b?
-b6dd5bd
In base 5, what is 2314141 - -1242?
2320433
In base 14, what is a1cb93 - -5?
a1cb98
In base 14, what is -10 - -c08136?
c08126
In base 13, what is -84b1a9 - 14?
-84b1c0
In base 12, what is 397 + 76164?
7653b
In base 2, what is 110010100001010000101 + 11001?
110010100001010011110
In base 2, what is 11101111110000100111110 + 1?
11101111110000100111111
In base 13, what is 4a309 + -451?
49b88
In base 12, what is 34 + -1085820?
-10857a8
In base 8, what is 106630301 + 0?
106630301
In base 16, what is 5b4e35 + -1?
5b4e34
In base 6, what is 2215524243 + 2?
2215524245
In base 14, what is 2 - 9a8112?
-9a8110
In base 3, what is -11221121200 - 201111?
-11222100011
In base 4, what is -133311310203 + 0?
-133311310203
In base 9, what is -35636188 + 6?
-35636182
In base 5, what is -202300013031 + 3?
-202300013023
In base 13, what is c66 - 790?
4a6
In base 6, what is -22423201 - 2?
-22423203
In base 4, what is -1023 - 2120132332?
-2120200021
In base 13, what is -3360 - 12a9?
-4639
In base 3, what is -20101200 - -2011210?
-11012220
In base 10, what is 21783167 - -8?
21783175
In base 2, what is -100011101001010101100101001 - -1000?
-100011101001010101100100001
In base 3, what is -120111 + -1001210200010?
-1001211020121
In base 9, what is 3 - 7242607?
-7242604
In base 7, what is -363106123 + -2?
-363106125
In base 8, what is 22 + -2031363?
-2031341
In base 2, what is 100101011 + 10101000000100?
10101100101111
In base 4, what is -221330 + 101302310?
101020320
In base 7, what is 66 + 1052015?
1052114
In base 13, what is -168 - -2b6aa?
2b542
In base 10, what is 110 + 884956?
885066
In base 8, what is -51 + 221765332?
221765261
In base 12, what is -2 - -31ba2ab7?
31ba2ab5
In base 8, what is 3432 + -31775?
-26343
In base 13, what is 4679 - 3b9?
4290
In base 10, what is -4 + 794120?
794116
In base 13, what is -2082979 + -3?
-208297c
In base 9, what is -174875 - 347?
-175333
In base 13, what is 5 + -c6242b?
-c62426
In base 6, what is 0 - -450243054?
450243054
In base 16, what is -2c + -240b?
-2437
In base 15, what is 5955e - -bd?
5962c
In base 7, what is 1 - 3050640?
-3050636
In base 14, what is 1b8d - -322b?
4dba
In base 10, what is -41 + 692623?
692582
In base 4, what is 2032 - 113203133122?
-113203131030
In base 3, what is -11202 + -112022211102121?
-112022211121100
In base 10, what is 183 - -4204437?
4204620
In base 6, what is -4004540 + 545?
-4003551
In base 16, what is -4 + 2e329b3?
2e329af
In base 4, what is 22312 - 10102001?
-10013023
In base 12, what is 5 + 5212a59?
5212a62
In base 15, what is -1 - 1bc4b5?
-1bc4b6
In base 10, what is 685011 + 2?
685013
In base 12, what is 379 + 245b9?
24976
In base 16, what is 112e7f9 + -3?
112e7f6
In base 7, what is -532221 + -111313?
-643534
In base 10, what is -5 - 10490?
-10495
In base 8, what is 367463730 + -4?
367463724
In base 14, what is 63c6519 + 1?
63c651a
In base 9, what is 36516 - -411?
37027
In base 2, what is 1011001001110111001000000 + -101?
1011001001110111000111011
In base 5, what is -234233 + -111343?
-401131
In base 12, what is 66785 + -111?
66674
In base 11, what is 7 + -460449?
-460442
In base 3, what is -100000002101112212 - 2?
-100000002101112221
In base 10, what is 120 - -190960?
191080
In base 12, what is -524 - -43475?
42b51
In base 16, what is -f0dac0c + 7?
-f0dac05
In base 11, what is -3 + 149a8a6?
149a8a3
In base 10, what is 1279333 + -8?
1279325
In base 2, what is 10100 - -1000110001100100101010110?
1000110001100100101101010
In base 3, what is 1000220 + -101112122?
-100111202
In base 16, what is -11ea6cb + -a?
-11ea6d5
In base 16, what is 3 - -6ebb06c?
6ebb06f
In base 10, what is 15 - 80616117?
-80616102
In base 5, what is -3212 - 133302434?
-133311201
In base 5, what is -224013 + 112214?
-111244
In base 16, what is 1cc - -24f3?
26bf
In base 3, what is -2 - -11121122000002?
11121122000000
In base 5, what is -214 - 211434040?
-211434304
In base 3, what is -1220110112102 + -20?
-1220110112122
In base 15, what is 0 + -87679a0?
-87679a0
In base 11, what is 27354 + 2698?
29a41
In base 7, what is -10 - -1530262240?
1530262230
In base 8, what is -4 - -33201202?
33201176
In base 13, what is 206 + -43432?
-43229
In base 2, what is 1000110010 - 1110011?
110111111
In base 9, what is 88238 - -323?
88562
In base 11, what is 1 - -44954a?
449550
In base 10, what is -7 - 12271191?
-12271198
In base 15, what is 214 - -8d4?
ae8
In base 3, what is 110012 - -10010112111111?
10010112221200
In base 2, what is -110 + 1000000001001000011?
1000000001000111101
In base 11, what is 1 + 198914?
198915
In base 13, what is 98 + 28706?
287a1
In base 15, what is 2 + -7ae61b7?
-7ae61b5
In base 15, what is 3 - 7bac756?
-7bac753
In base 3, what is 1000202020211201 + -201?
1000202020211000
In base 14, what is -11d5004d + -5?
-11d50054
In base 16, what is 8a + d80e?
d898
In base 16, what is -495 + -27987?
-27e1c
In base 6, what is -2211020 + 123?
-2210453
In base 10, what is 1129 + -1654?
-525
In base 16, what is -f5349f - -6?
-f53499
In base 4, what is -202300001110 + 201?
-202300000303
In base 4, what is 1003031213231 + -2?
1003031213223
In base 3, what is -211110001122 - -11001?
-211102220121
In base 14, what is -27589c4 + 18?
-27589aa
In base 15, what is 35d57 + 16?
35d6d
In base 9, what is -2 - 50472734?
-50472736
In base 6, what is 1111153245 - 142?
1111153103
In base 6, what is -32123 - -14011?
-14112
In base 2, what is 10011 + 1100100010001100011010000?
1100100010001100011100011
In base 4, what is -22 + -1202310203?
-1202310231
In base 3, what is 210 + -2002222100210?
-2002222100000
In base 13, what is 267bb634 + 2?
267bb636
In base 15, what is 15c63 - -d12?
16a75
In base 2, what is 1 + 1001101110010010100110000000?
1001101110010010100110000001
In base 6, what is 3 + 42300310153?
42300310200
In base 2, what is 100 - -110000100100010011000?
110000100100010011100
In base 10, what is 727532 + 157?
727689
In base 2, what is 10110100000001100001000101 + -10010?
10110100000001100000110011
In base 12, what is -15 - -b26434?
b2641b
In base 4, what is 100003 + 222220022?
222320031
In base 5, what is 11 + 111122322432?
111122322443
In base 8, what is -7422033 - -15?
-7422016
In base 4, what is 2 + 30102323213?
30102323221
In base 8, what is 14 + 5474713?
5474727
In base 3, what is -101221111202202 + -2?
-101221111202211
In base 9, what is 2 + -2141884?
-2141882
In base 15, what is -273 - 44ea7?
-4522a
In base 12, what is -93b + -6a?
-9a9
In base 7, what is -264651051 + -1?
-264651052
In base 6, what is -1315050 - 33?
-1315123
In base 8, what is -51 - -2467714?
2467643
In base 12, what is 1274428 - 7?
1274421
In base 12, what is -b30 - -3408?
2498
In base 12, what is -6b029 - 122?
-6b14b
In base 7, what is 625 + 6624164?
6625122
In base 8, what is 506 + 2022076?
2022604
In base 13, what is -4420195 + -5?
-442019a
In base 2, what is -110 + -1001110000100100111011?
-1001110000100101000001
In base 13, what is 3 - -24c9b230?
24c9b233
In base 7, what is -4635 - 4605013?
-4612651
In base 12, what is 81054 - -18?
81070
In base 9, what is -230433114 + -1?
-230433115
In